{"id":254,"date":"2017-07-20T13:13:29","date_gmt":"2017-07-20T13:13:29","guid":{"rendered":"https:\/\/2017.stockholm.wordcamp.org\/?page_id=254"},"modified":"2017-09-14T22:33:10","modified_gmt":"2017-09-14T20:33:10","slug":"om","status":"publish","type":"page","link":"https:\/\/stockholm.wordcamp.org\/2017\/om\/","title":{"rendered":"Om"},"content":{"rendered":"<p style=\"text-align: center\"><strong>Svenska<\/strong> | <a href=\"https:\/\/2017.stockholm.wordcamp.org\/about\/\">English<\/a><\/p>\n<p><img loading=\"lazy\" decoding=\"async\" class=\"aligncenter size-full wp-image-252\" src=\"https:\/\/2017.stockholm.wordcamp.org\/files\/2017\/06\/stockholm-congress-centre.jpg\" alt=\"Stockholm Waterfront Congress Centre\" width=\"768\" height=\"503\" srcset=\"https:\/\/stockholm.wordcamp.org\/2017\/files\/2017\/06\/stockholm-congress-centre.jpg 768w, https:\/\/stockholm.wordcamp.org\/2017\/files\/2017\/06\/stockholm-congress-centre-300x196.jpg 300w, https:\/\/stockholm.wordcamp.org\/2017\/files\/2017\/06\/stockholm-congress-centre-458x300.jpg 458w\" sizes=\"auto, (max-width: 768px) 100vw, 768px\" \/><br \/>\nWordCamp Stockholm 2017 kommer att \u00e4ga rum 19\u201320 November 2017. Konferensdagen (m\u00e5ndagen 20 nov) genomf\u00f6rs som en del av <a href=\"https:\/\/internetdagarna.se\/\">Internetdagarna<\/a>, en av Sveriges viktigaste m\u00f6tesplatser f\u00f6r personer som p\u00e5 olika s\u00e4tt arbetar med internet. H\u00e4r tr\u00e4ffas varje \u00e5r tusentals personer f\u00f6r att inspireras, l\u00e4ra av varandra och n\u00e4tverka mer \u00e4n ett dussin evenemang som sker samtidigt.<\/p>\n<p>Platsen f\u00f6r engagemangsdagen (contributor day) s\u00f6ndagen 19 november kommer att meddelas h\u00e4r s\u00e5 snart den \u00e4r helt spikad. Men du kan redan nu b\u00f6rja planera din resa, eftersom vi med s\u00e4kerhet vet att vi kommer att h\u00e5lla till n\u00e5gorlunda centralt i Stockholm.<\/p>\n<p>Den huvudsakliga konferensdagen, m\u00e5ndagen 20 november kommer vi att vara p\u00e5 kongresscentret Stockholm Waterfront, tillsammans med Internetdagarna. Det ligger precis intill Stockholms centralstation och \u00e4r d\u00e4rf\u00f6r mycket l\u00e4tt att hitta.<\/p>\n<p><em>Denna sida kommer att uppdateras allteftersom vi har mer information att ge.<\/em><\/p>\n<h2>Planeringsgrupp f\u00f6r WordCamp Stockholm 2017<\/h2>\n\t<div class=\"wcorg-organizers\">\n\n\t\t\n\t\t\t<div class=\"wcorg-organizer\">\n\t\t\t\t<h2>Stanislav Khromov<\/h2>\n\t\t\t\t<div class=\"wcorg-organizer-description\">\n\t\t\t\t\t\t\t\t\t\t<img alt='' src='https:\/\/secure.gravatar.com\/avatar\/e8617c9d725fa451e83fae0c1e2a53d111f088f859759b45736efe09e9784749?s=100&#038;d=mm&#038;r=g' srcset='https:\/\/secure.gravatar.com\/avatar\/e8617c9d725fa451e83fae0c1e2a53d111f088f859759b45736efe09e9784749?s=200&#038;d=mm&#038;r=g 2x' class='avatar avatar-100 photo' height='100' width='100' \/>\t\t\t\t\t<p>Organizer<\/p>\n\t\t\t\t<\/div>\n\t\t\t<\/div>\n\n\t\t\n\t\t\t<div class=\"wcorg-organizer\">\n\t\t\t\t<h2>Johan Falk<\/h2>\n\t\t\t\t<div class=\"wcorg-organizer-description\">\n\t\t\t\t\t\t\t\t\t\t<img alt='' src='https:\/\/secure.gravatar.com\/avatar\/af81b53fdf6fe16c98623c4f3749f60f2d1abb0055f10cefe3509b3362575665?s=100&#038;d=mm&#038;r=g' srcset='https:\/\/secure.gravatar.com\/avatar\/af81b53fdf6fe16c98623c4f3749f60f2d1abb0055f10cefe3509b3362575665?s=200&#038;d=mm&#038;r=g 2x' class='avatar avatar-100 photo' height='100' width='100' \/>\t\t\t\t\t<p>Organizer<\/p>\n\t\t\t\t<\/div>\n\t\t\t<\/div>\n\n\t\t\n\t\t\t<div class=\"wcorg-organizer\">\n\t\t\t\t<h2>Jimmy Ros\u00e9n<\/h2>\n\t\t\t\t<div class=\"wcorg-organizer-description\">\n\t\t\t\t\t\t\t\t\t\t<img alt='' src='https:\/\/secure.gravatar.com\/avatar\/e5217862713a349e081e503220e44f19d0a3508610ec6db4383f1272ec4724b2?s=100&#038;d=mm&#038;r=g' srcset='https:\/\/secure.gravatar.com\/avatar\/e5217862713a349e081e503220e44f19d0a3508610ec6db4383f1272ec4724b2?s=200&#038;d=mm&#038;r=g 2x' class='avatar avatar-100 photo' height='100' width='100' \/>\t\t\t\t\t<p>Sponsor coordinator<\/p>\n\t\t\t\t<\/div>\n\t\t\t<\/div>\n\n\t\t\n\t\t\t<div class=\"wcorg-organizer\">\n\t\t\t\t<h2>Tor-Bj\u00f6rn Fjellner<\/h2>\n\t\t\t\t<div class=\"wcorg-organizer-description\">\n\t\t\t\t\t\t\t\t\t\t<img alt='' src='https:\/\/secure.gravatar.com\/avatar\/890bd890338f9b6a17143a65ac10a20410e135583d95106bb09f20d91f66afe2?s=100&#038;d=mm&#038;r=g' srcset='https:\/\/secure.gravatar.com\/avatar\/890bd890338f9b6a17143a65ac10a20410e135583d95106bb09f20d91f66afe2?s=200&#038;d=mm&#038;r=g 2x' class='avatar avatar-100 photo' height='100' width='100' \/>\t\t\t\t\t<p>Communications<\/p>\n\t\t\t\t<\/div>\n\t\t\t<\/div>\n\n\t\t\n\t\t\t<div class=\"wcorg-organizer\">\n\t\t\t\t<h2>Erik Torsner<\/h2>\n\t\t\t\t<div class=\"wcorg-organizer-description\">\n\t\t\t\t\t\t\t\t\t\t<img alt='' src='https:\/\/secure.gravatar.com\/avatar\/03c44b3a07e257cc3a9ef1db7960e470db98bc41d03f99073b37443ddf7f33f7?s=100&#038;d=mm&#038;r=g' srcset='https:\/\/secure.gravatar.com\/avatar\/03c44b3a07e257cc3a9ef1db7960e470db98bc41d03f99073b37443ddf7f33f7?s=200&#038;d=mm&#038;r=g 2x' class='avatar avatar-100 photo' height='100' width='100' \/>\t\t\t\t\t<p>Sponsor coordinator<\/p>\n\t\t\t\t<\/div>\n\t\t\t<\/div>\n\n\t\t\n\t\t\t<div class=\"wcorg-organizer\">\n\t\t\t\t<h2>Thord D.Hedengren<\/h2>\n\t\t\t\t<div class=\"wcorg-organizer-description\">\n\t\t\t\t\t\t\t\t\t\t<img alt='' src='https:\/\/secure.gravatar.com\/avatar\/22347d4b85a2830f4b41a119dd42e68ace9a6d27d8211744ce0416f70b280362?s=100&#038;d=mm&#038;r=g' srcset='https:\/\/secure.gravatar.com\/avatar\/22347d4b85a2830f4b41a119dd42e68ace9a6d27d8211744ce0416f70b280362?s=200&#038;d=mm&#038;r=g 2x' class='avatar avatar-100 photo' height='100' width='100' \/>\t\t\t\t\t<p>Media coordinator<\/p>\n\t\t\t\t<\/div>\n\t\t\t<\/div>\n\n\t\t\n\t\t\t<div class=\"wcorg-organizer\">\n\t\t\t\t<h2>Olaf Lindstr\u00f6m<\/h2>\n\t\t\t\t<div class=\"wcorg-organizer-description\">\n\t\t\t\t\t\t\t\t\t\t<img alt='' src='https:\/\/secure.gravatar.com\/avatar\/360f5e837278b8abdded5d0cc9b377c1c20de5f4a4713a5c838dbbbb139c1283?s=100&#038;d=mm&#038;r=g' srcset='https:\/\/secure.gravatar.com\/avatar\/360f5e837278b8abdded5d0cc9b377c1c20de5f4a4713a5c838dbbbb139c1283?s=200&#038;d=mm&#038;r=g 2x' class='avatar avatar-100 photo' height='100' width='100' \/>\t\t\t\t\t<p>Program coordinator<\/p>\n\t\t\t\t<\/div>\n\t\t\t<\/div>\n\n\t\t\n\t\t\t<div class=\"wcorg-organizer\">\n\t\t\t\t<h2>Anders Nor\u00e9n<\/h2>\n\t\t\t\t<div class=\"wcorg-organizer-description\">\n\t\t\t\t\t\t\t\t\t\t<img alt='' src='https:\/\/secure.gravatar.com\/avatar\/321499bde58292db1a404164538b8f2c736e4a6886cd11532ae0d59a468e4568?s=100&#038;d=mm&#038;r=g' srcset='https:\/\/secure.gravatar.com\/avatar\/321499bde58292db1a404164538b8f2c736e4a6886cd11532ae0d59a468e4568?s=200&#038;d=mm&#038;r=g 2x' class='avatar avatar-100 photo' height='100' width='100' \/>\t\t\t\t\t<p>Website coordinator<\/p>\n\t\t\t\t<\/div>\n\t\t\t<\/div>\n\n\t\t\n\t\t\t<div class=\"wcorg-organizer\">\n\t\t\t\t<h2>Marcus Tis\u00e4ter<\/h2>\n\t\t\t\t<div class=\"wcorg-organizer-description\">\n\t\t\t\t\t\t\t\t\t\t<img alt='' src='https:\/\/secure.gravatar.com\/avatar\/7fdbb30acd6438b1b60b0811108c1523becf70db6093585b0f3ed91cfda41d0f?s=100&#038;d=mm&#038;r=g' srcset='https:\/\/secure.gravatar.com\/avatar\/7fdbb30acd6438b1b60b0811108c1523becf70db6093585b0f3ed91cfda41d0f?s=200&#038;d=mm&#038;r=g 2x' class='avatar avatar-100 photo' height='100' width='100' \/>\t\t\t\t\t<p>Communications coordinator<\/p>\n\t\t\t\t<\/div>\n\t\t\t<\/div>\n\n\t\t\n\t\t\t<div class=\"wcorg-organizer\">\n\t\t\t\t<h2>Niklas H\u00f6gefjord<\/h2>\n\t\t\t\t<div class=\"wcorg-organizer-description\">\n\t\t\t\t\t\t\t\t\t\t<img alt='' src='https:\/\/secure.gravatar.com\/avatar\/3a59581ebca8c00b29073e980ceb20db3d6e123d429c2f7f510eb4bd88f1e0ef?s=100&#038;d=mm&#038;r=g' srcset='https:\/\/secure.gravatar.com\/avatar\/3a59581ebca8c00b29073e980ceb20db3d6e123d429c2f7f510eb4bd88f1e0ef?s=200&#038;d=mm&#038;r=g 2x' class='avatar avatar-100 photo' height='100' width='100' \/>\t\t\t\t\t<p>Conference day volunteer<\/p>\n\t\t\t\t<\/div>\n\t\t\t<\/div>\n\n\t\t\n\t\t\t<div class=\"wcorg-organizer\">\n\t\t\t\t<h2>Hannah Swaim<\/h2>\n\t\t\t\t<div class=\"wcorg-organizer-description\">\n\t\t\t\t\t\t\t\t\t\t<img alt='' src='https:\/\/secure.gravatar.com\/avatar\/3b7ce29384eef0c3f39b4de43772543405e16af702145ee03a56a61b892b70d1?s=100&#038;d=mm&#038;r=g' srcset='https:\/\/secure.gravatar.com\/avatar\/3b7ce29384eef0c3f39b4de43772543405e16af702145ee03a56a61b892b70d1?s=200&#038;d=mm&#038;r=g 2x' class='avatar avatar-100 photo' height='100' width='100' \/>\t\t\t\t\t<p>Conference day volunteer<\/p>\n\t\t\t\t<\/div>\n\t\t\t<\/div>\n\n\t\t\n\t\t\t<div class=\"wcorg-organizer\">\n\t\t\t\t<h2>Jonathan Sulo<\/h2>\n\t\t\t\t<div class=\"wcorg-organizer-description\">\n\t\t\t\t\t\t\t\t\t\t<img alt='' src='https:\/\/secure.gravatar.com\/avatar\/b7dac534fa86497881cf06f18f528ef76c02cc9991d2ac1cd8bc78592a04ec44?s=100&#038;d=mm&#038;r=g' srcset='https:\/\/secure.gravatar.com\/avatar\/b7dac534fa86497881cf06f18f528ef76c02cc9991d2ac1cd8bc78592a04ec44?s=200&#038;d=mm&#038;r=g 2x' class='avatar avatar-100 photo' height='100' width='100' \/>\t\t\t\t\t<p>Communications team<\/p>\n\t\t\t\t<\/div>\n\t\t\t<\/div>\n\n\t\t\n\t<\/div><!-- .wcorg-organizers -->\n\t\n","protected":false},"excerpt":{"rendered":"<p>Svenska | English WordCamp Stockholm 2017 kommer att \u00e4ga rum 19\u201320 November 2017. Konferensdagen (m\u00e5ndagen 20 nov) genomf\u00f6rs som en del av Internetdagarna, en av Sveriges viktigaste m\u00f6tesplatser f\u00f6r personer som p\u00e5 olika s\u00e4tt arbetar med internet. H\u00e4r tr\u00e4ffas varje \u00e5r tusentals personer f\u00f6r att inspireras, l\u00e4ra av varandra och n\u00e4tverka mer \u00e4n ett dussin [&hellip;]<\/p>\n","protected":false},"author":7727085,"featured_media":803,"parent":0,"menu_order":0,"comment_status":"closed","ping_status":"closed","template":"","meta":{"jetpack_post_was_ever_published":false,"footnotes":""},"class_list":["post-254","page","type-page","status-publish","has-post-thumbnail","hentry"],"jetpack_sharing_enabled":true,"jetpack_shortlink":"https:\/\/wp.me\/P8NEvY-46","_links":{"self":[{"href":"https:\/\/stockholm.wordcamp.org\/2017\/wp-json\/wp\/v2\/pages\/254","targetHints":{"allow":["GET"]}}],"collection":[{"href":"https:\/\/stockholm.wordcamp.org\/2017\/wp-json\/wp\/v2\/pages"}],"about":[{"href":"https:\/\/stockholm.wordcamp.org\/2017\/wp-json\/wp\/v2\/types\/page"}],"author":[{"embeddable":true,"href":"https:\/\/stockholm.wordcamp.org\/2017\/wp-json\/wp\/v2\/users\/7727085"}],"replies":[{"embeddable":true,"href":"https:\/\/stockholm.wordcamp.org\/2017\/wp-json\/wp\/v2\/comments?post=254"}],"version-history":[{"count":6,"href":"https:\/\/stockholm.wordcamp.org\/2017\/wp-json\/wp\/v2\/pages\/254\/revisions"}],"predecessor-version":[{"id":639,"href":"https:\/\/stockholm.wordcamp.org\/2017\/wp-json\/wp\/v2\/pages\/254\/revisions\/639"}],"wp:featuredmedia":[{"embeddable":true,"href":"https:\/\/stockholm.wordcamp.org\/2017\/wp-json\/wp\/v2\/media\/803"}],"wp:attachment":[{"href":"https:\/\/stockholm.wordcamp.org\/2017\/wp-json\/wp\/v2\/media?parent=254"}],"curies":[{"name":"wp","href":"https:\/\/api.w.org\/{rel}","templated":true}]}}