{"id":370,"date":"2017-08-16T08:49:19","date_gmt":"2017-08-16T06:49:19","guid":{"rendered":"https:\/\/2017.stockholm.wordcamp.org\/?page_id=370"},"modified":"2017-09-14T22:33:15","modified_gmt":"2017-09-14T20:33:15","slug":"nyhetsbrev","status":"publish","type":"page","link":"https:\/\/stockholm.wordcamp.org\/2017\/nyhetsbrev\/","title":{"rendered":"Nyhetsbrev"},"content":{"rendered":"<p>Anm\u00e4l dig till v\u00e5rt nyhetsbrev <a href=\"http:\/\/eepurl.com\/cZOUxj\" target=\"_blank\" rel=\"noopener\">h\u00e4r<\/a><\/p>\n","protected":false},"excerpt":{"rendered":"<p>Anm\u00e4l dig till v\u00e5rt nyhetsbrev h\u00e4r<\/p>\n","protected":false},"author":13784594,"featured_media":803,"parent":0,"menu_order":0,"comment_status":"closed","ping_status":"closed","template":"","meta":{"jetpack_post_was_ever_published":false,"footnotes":""},"class_list":["post-370","page","type-page","status-publish","has-post-thumbnail","hentry"],"jetpack_sharing_enabled":true,"jetpack_shortlink":"https:\/\/wp.me\/P8NEvY-5Y","_links":{"self":[{"href":"https:\/\/stockholm.wordcamp.org\/2017\/wp-json\/wp\/v2\/pages\/370","targetHints":{"allow":["GET"]}}],"collection":[{"href":"https:\/\/stockholm.wordcamp.org\/2017\/wp-json\/wp\/v2\/pages"}],"about":[{"href":"https:\/\/stockholm.wordcamp.org\/2017\/wp-json\/wp\/v2\/types\/page"}],"author":[{"embeddable":true,"href":"https:\/\/stockholm.wordcamp.org\/2017\/wp-json\/wp\/v2\/users\/13784594"}],"replies":[{"embeddable":true,"href":"https:\/\/stockholm.wordcamp.org\/2017\/wp-json\/wp\/v2\/comments?post=370"}],"version-history":[{"count":2,"href":"https:\/\/stockholm.wordcamp.org\/2017\/wp-json\/wp\/v2\/pages\/370\/revisions"}],"predecessor-version":[{"id":374,"href":"https:\/\/stockholm.wordcamp.org\/2017\/wp-json\/wp\/v2\/pages\/370\/revisions\/374"}],"wp:featuredmedia":[{"embeddable":true,"href":"https:\/\/stockholm.wordcamp.org\/2017\/wp-json\/wp\/v2\/media\/803"}],"wp:attachment":[{"href":"https:\/\/stockholm.wordcamp.org\/2017\/wp-json\/wp\/v2\/media?parent=370"}],"curies":[{"name":"wp","href":"https:\/\/api.w.org\/{rel}","templated":true}]}}